git of u(-6)?
7
Let z = 39073 - 14246. What is the thousands digit of z?
4
What is the hundreds digit of 1/(105912/(-13240) - (-15 - -7))?
6
Let n(y) = -y**3 + 34*y**2 - 13*y + 142. What is the hundreds digit of n(26)?
2
Let g(k) = -19*k**3 + k - 6. What is the units digit of g(-9)?
6
Suppose 2*r - 1851 = 145. Let p be 1 + r/8 - 9/12. Suppose 3*d = 169 + p. What is the units digit of d?
8
Suppose 15*v + 20*v = 111300. Suppose 340 = -8*u + v. What is the tens digit of u?
5
Suppose -4*b = -2*l + 15742, 4*b + 7932 + 15679 = 3*l. What is the thousands digit of l?
7
Let u(h) = -h**2 + 27 + 0*h**2 - 4*h + 30 - 51 + 4*h**3. Let z be u(2). Let b = z + -8. What is the tens digit of b?
1
Suppose 0 = -c + 5*c - 776. Suppose 0 = 5*m - 408 + 758. Let x = c + m. What is the tens digit of x?
2
Let o(m) = -15*m - 133. Let a be o(-24). Let r = a - 169. What is the tens digit of r?
5
Suppose 0 = -h + 2*j + 19, -10 = -2*h + 3*j + 26. What is the hundreds digit of h/(-10) - 926/(-4)?
2
Let c = -3694 - -4514. What is the hundreds digit of c?
8
Let u(g) = -g**2 + 7*g + 7. Let w be u(8). Let b(x) = 4*x**2 - 4*x - 3. Let c be b(w). Suppose 3*z - 137 = -c. What is the units digit of z?
4
Let q = 148 + -92. What is the hundreds digit of 404 + q/42*(-3)/2?
4
Let a(m) = -m**3 - 30*m**2 + 27*m - 54. Let c be a(-31). What is the tens digit of 28/c + (-488)/(-5)?
9
Suppose -55*m = -59*m + 444. Suppose -5*f = m - 671. What is the hundreds digit of f?
1
Let z be (1 - (-8)/(-6))/((-11)/132). Suppose 8 + 46 = 2*v - s, -z*s - 138 = -5*v. Suppose 0 = -5*c + v + 29. What is the tens digit of c?
1
Suppose 4*l - 4598 = -602. Suppose -l = -16*u + 9. What is the units digit of u?
3
Suppose -p = 4*p - 75. Suppose p*g = 35 + 10. Suppose 0 = g*i - 8*i - c + 87, -2*i + 33 = c. What is the units digit of i?
8
Let y be -3 - 4/(-2) - 40. Let f = -41 - y. Suppose f = -c + 26 + 34. What is the units digit of c?
0
Suppose 28682 + 1343 = 3*s + j, 4*s - 2*j - 40050 = 0. What is the units digit of s?
0
Let j(r) = 770*r**2 + 48*r - 748. What is the tens digit of j(8)?
1
Suppose -8*l - 3950 + 38 = 0. Let s = 234 - l. What is the hundreds digit of s?
7
Let m(d) = d**3 - 27*d**2 + 5*d - 16. Let c(b) = -8*b + 51. Let a be c(3). What is the tens digit of m(a)?
1
Suppose -4*c - 15 = 5*o, 5*o + 12 = 3*c - 3. Suppose c = 5*j + 101 + 14. Let g = 3 - j. What is the units digit of g?
6
Let f(k) = k**3 + 20*k**2 - 24*k - 14. Let u = 19 + -15. Suppose 3*c - 6 = w, -u*w + 5*c + 7 = 66. What is the units digit of f(w)?
9
Let a = 54 + -111. Let o = a - -62. Suppose 5*w + 37 = 4*n - n, -n - o*w = -39. What is the units digit of n?
9
Let s be ((-2)/8)/((-2)/88). Let o(q) = -q**3 + 12*q**2 - 12*q + 19. Let u be o(s). Suppose -5*y - 135 = -u*y. What is the tens digit of y?
4
Let a be (-602)/(-42) + (8/6)/2. Suppose 9*l = -a*l + 6024. What is the tens digit of l?
5
Suppose -7 = 3*u - 4*l + 3*l, 2*u - l + 6 = 0. Let w be (-1 - u) + -15 + 17. Suppose -6 + 14 = w*g - 2*h, 16 = 2*g + 2*h. What is the units digit of g?
6
Let c(d) = 4*d**2 + 25*d + 112. Let y(h) = -9*h**2 - 50*h - 226. Let n(v) = 5*c(v) + 2*y(v). What is the units digit of n(-14)?
0
Suppose -3*l + 38817 = -h, -5*h - 8726 - 43041 = -4*l. What is the ten thousands digit of l?
1
Let x = 66153 - -10137. What is the tens digit of x?
9
Let p(m) = -m**2 - 6*m + 7. Let g be p(-7). Let o = 73 - 18. Suppose 2*y - 5*h = 4*y - 35, g = -y + 5*h + o. What is the units digit of y?
0
Let s(p) be the first derivative of -13*p**4/4 + 5*p**3/3 - 19*p**2/2 + 87. What is the hundreds digit of s(-4)?
9
What is the thousands digit of (62994 - 4) + 34 + -29?
2
Suppose u - 2*x - 2 = -0*u, 3*x - 19 = -4*u. Suppose 0 = u*m + 57 - 21. Let p = 34 - m. What is the tens digit of p?
4
Suppose -3168*v + 40341 = -3148*v - 137159. What is the hundreds digit of v?
8
Let a(v) = 14*v**3 + 5*v**2 + 4*v - 4. Let u be a(-4). Let q be (180/(-54))/(1 + (-8)/6). What is the tens digit of (-52)/(-130) - u/q?
8
Let w = 47 - 24. Let o(r) = r - r + w + 4*r - 2*r. What is the units digit of o(10)?
3
Suppose 4*a - 44 = 4*g, 21*a = 25*a - 3*g - 41. Let c be -1 + 1/1 - -19. Suppose 7*l = a*l - c. What is the units digit of l?
9
Let x(j) = 12*j**3 + 3*j**2 - 42*j + 492. What is the hundreds digit of x(8)?
4
Suppose 0 = -2*p + c + 11, -3*p + 5*p = -3*c - 1. Suppose k + 69 = p*k. Suppose 174 = 26*l - k*l. What is the units digit of l?
8
Suppose 5 - 13 = -2*p. What is the units digit of (-3645)/(-30) - 6/p?
0
Let a = -3 - -17. Suppose 10*k = 3*k + a. Suppose -5*i + 0*i + 2*s = -159, 0 = k*i - 3*s - 68. What is the units digit of i?
1
Suppose 0 = -3*g - z + 20275, -573*z - 33766 = -5*g - 571*z. What is the hundreds digit of g?
7
Suppose 1451 + 147763 = 908*l - 895*l. What is the hundreds digit of l?
4
Suppose 2*g - 6 = -4*f, -3*f + 0*g - 2*g + 2 = 0. Suppose 3*o - 8 - f = 0. Suppose o*a - i = 260, a = 5*i - 16 + 81. What is the tens digit of a?
6
Suppose -2*j + 0*n = n - 61, -104 = -3*j - 4*n. Suppose 2*v - 3*o - 234 = -v, -2*o = -2. Let t = v + j. What is the tens digit of t?
0
Suppose 0 = -102*v + 145669 + 559253. What is the hundreds digit of v?
9
Let r(y) = -1343*y + 1907. What is the thousands digit of r(-5)?
8
Let w(r) be the third derivative of 37*r**5/60 + 7*r**4/24 - 17*r**3/6 + 28*r**2. What is the tens digit of w(4)?
0
Let g = -35 - -50. Suppose g = 3*p + 2*p + 3*j, -4*p + 12 = j. What is the hundreds digit of (-494)/(-4) + p/2?
1
Let i(v) = 8*v**2 + v - 16. Let w be i(4). Suppose -n = 4*n - 1780. Suppose -w = 6*y - n. What is the units digit of y?
0
Let o be -1 - -1 - (-3)/((-15)/(-10)). Suppose -o*d - 3640 = -10*d. What is the units digit of d?
5
Let y(z) = -28*z - 20. Let f(x) = 13*x**3 - x**2 - 4*x - 2. Let q be f(-1). What is the tens digit of y(q)?
1
Let a be (-2)/3 - (-987)/63. Suppose -3042 - 3093 = -a*b. What is the tens digit of b?
0
Suppose -15*h + 3*h + 22380 = 0. Let s = -292 + h. What is the thousands digit of s?
1
Let q = 431 + -316. Suppose 104*b - q*b = -11836. What is the units digit of b?
6
Let a(l) = -178*l + 5457. What is the tens digit of a(-115)?
2
Let f(q) be the second derivative of q**3/6 + q**2/2 + 22*q. Let o(w) = 14*w - 62. Let k(i) = 12*f(i) - o(i). What is the tens digit of k(0)?
7
Let n = -16572 + 25336. Suppose 19*y = -9*y + n. What is the tens digit of y?
1
Let t = 4631 + 1773. Suppose -64*i + 60*i - 2*l = -t, 2*i = l + 3210. What is the tens digit of i?
0
Let h be (639 + 0)*(-1)/(-1). Let v = h + -369. Suppose -5*d = -5*n + v, -3*n + 2*d + 158 = d. What is the units digit of n?
2
Let m(x) = 292*x - 235. What is the thousands digit of m(6)?
1
Suppose 0 = 8*f - 3*f + 1140. Let i = 320 - f. What is the hundreds digit of i?
5
Let w(r) = -14 - 37*r + 6 + 52 - 6*r**3 + 25 + 7*r**3. What is the tens digit of w(8)?
8
What is the thousands digit of (-42693)/(-7)*(0 - -1)?
6
Let v = -52 + 58. Let m = 272 - -271. What is the tens digit of 2*(m/v + -2 - -3)?
8
Let d = -330 + 278. Let g = d + 340. What is the hundreds digit of g?
2
Let j(o) = 11308*o**2 - 107*o - 209. What is the tens digit of j(-2)?
3
Suppose -4*m + 208 = 184. Suppose -m*n - 151 + 1567 = 0. What is the units digit of n?
6
Let d = -100 - -104. Let s(q) = 10*q**3 + 3*q**2 - 4*q - 9. What is the units digit of s(d)?
3
Let l(u) = 3619*u + 2880. What is the hundreds digit of l(24)?
7
Let o(j) = 321*j + 4. Let v be ((-2 + 0)/1)/((-24)/12). Let b be o(v). Suppose -3*h - h + 330 = 5*p, -5*p = 3*h - b. What is the tens digit of p?
6
Let a(y) = -9 + 3*y**3 + 1541*y - 786*y - 790*y + 8*y**2. What is the thousands digit of a(7)?
1
Suppose -60792 = -4*x + 129720. Suppose 58*a - 16*a - x = 0. What is the thousands digit of a?
1
Let c be (-2)/10 - (-7955)/25. Suppose -10*q = -c - 22. Suppose 35*k - q*k - 107 = 0. What is the hundreds digit of k?
1
Suppose -3*y - 62385 = 7*v - 244520, -4*v - y = -104080. What is the thousands digit of v?
6
Let o = -59 - 21. What is the hundreds digit of (-35)/o*362 - 12/32?
1
Let o(z) = -9*z + 3. Let q be o(14). Let b = 55 - q. What is the tens digit of b?
7
Suppose 760671 = -71*i + 5706602. What is the tens digit of i?
6
Suppose -72 = -5*v - 32. Let r(h) = -h**3 + 15*h**2 - 7*h - 20. What is the hundreds digit of r(v)?
3
Let p(z) = -11*z**2 - 28*z + 9. Let t be p(8). Let q = 1655 + t. What 